ds digit of 1309879481?
9
What is the ten millions digit of 210145522?
1
What is the millions digit of 469833757?
9
What is the thousands digit of 851071167?
1
What is the hundred thousands digit of 705667027?
6
What is the tens digit of 5496508?
0
What is the millions digit of 816670843?
6
What is the ten millions digit of 1670168751?
7
What is the tens digit of 3270222?
2
What is the millions digit of 74927526?
4
What is the tens digit of 2073667823?
2
What is the hundred thousands digit of 49439331?
4
What is the units digit of 515585482?
2
What is the hundreds digit of 128668034?
0
What is the thousands digit of 106974864?
4
What is the units digit of 27810212?
2
What is the units digit of 52713975?
5
What is the millions digit of 27582499?
7
What is the billions digit of 1223494093?
1
What is the ten thousands digit of 99831402?
3
What is the thousands digit of 50143300?
3
What is the millions digit of 1429435227?
9
What is the millions digit of 1385763182?
5
What is the thousands digit of 93323919?
3
What is the millions digit of 58319319?
8
What is the thousands digit of 190059574?
9
What is the units digit of 85257148?
8
What is the hundred thousands digit of 349268800?
2
What is the thousands digit of 1614319759?
9
What is the millions digit of 290142057?
0
What is the hundred thousands digit of 16113944?
1
What is the tens digit of 174785704?
0
What is the hundred millions digit of 135111837?
1
What is the tens digit of 95148832?
3
What is the ten millions digit of 53441647?
5
What is the hundreds digit of 450894068?
0
What is the thousands digit of 658379841?
9
What is the ten thousands digit of 51426051?
2
What is the units digit of 2667938027?
7
What is the hundred thousands digit of 373945983?
9
What is the ten millions digit of 433927481?
3
What is the ten thousands digit of 2200953950?
5
What is the ten millions digit of 5918136973?
1
What is the hundreds digit of 2458271284?
2
What is the hundred thousands digit of 25149109?
1
What is the units digit of 9558859?
9
What is the hundreds digit of 755078426?
4
What is the millions digit of 7235833422?
5
What is the hundred thousands digit of 901597977?
5
What is the tens digit of 614281489?
8
What is the millions digit of 3350790088?
0
What is the ten thousands digit of 496495757?
9
What is the tens digit of 2097695808?
0
What is the hundred thousands digit of 319562723?
5
What is the tens digit of 69302433?
3
What is the hundreds digit of 3120424401?
4
What is the hundreds digit of 278697411?
4
What is the ten millions digit of 2161177607?
6
What is the hundreds digit of 57022151?
1
What is the hundred thousands digit of 983579?
9
What is the tens digit of 125879201?
0
What is the thousands digit of 3231266479?
6
What is the millions digit of 2324835633?
4
What is the thousands digit of 76815521?
5
What is the units digit of 738496715?
5
What is the ten thousands digit of 804873965?
7
What is the hundred millions digit of 3874419117?
8
What is the hundreds digit of 209234758?
7
What is the hundreds digit of 860490783?
7
What is the millions digit of 8639880?
8
What is the units digit of 76659881?
1
What is the thousands digit of 70702212?
2
What is the ten thousands digit of 11382755?
8
What is the ten millions digit of 57347285?
5
What is the tens digit of 220029376?
7
What is the billions digit of 2750489000?
2
What is the hundred millions digit of 211636011?
2
What is the ten millions digit of 62564741?
6
What is the ten millions digit of 73347158?
7
What is the units digit of 90455449?
9
What is the ten thousands digit of 4823807?
2
What is the tens digit of 588011492?
9
What is the hundred thousands digit of 2361759326?
7
What is the hundred thousands digit of 242214137?
2
What is the units digit of 295662134?
4
What is the units digit of 544276533?
3
What is the hundred millions digit of 1329904335?
3
What is the millions digit of 378035743?
8
What is the units digit of 33300282?
2
What is the ten millions digit of 29139152?
2
What is the hundreds digit of 2996578648?
6
What is the thousands digit of 7241049?
1
What is the ten thousands digit of 534828685?
2
What is the units digit of 205111203?
3
What is the tens digit of 76221018?
1
What is the ten thousands digit of 416047952?
4
What is the hundred millions digit of 5228867260?
2
What is the ten millions digit of 91651920?
9
What is the tens digit of 118028330?
3
What is the hundred thousands digit of 157837767?
8
What is the millions digit of 8839763?
8
What is the hundred thousands digit of 2996474609?
4
What is the ten thousands digit of 280181580?
8
What is the hundreds digit of 1196594074?
0
What is the ten thousands digit of 1803747248?
4
What is the hundred millions digit of 109758847?
1
What is the hundred thousands digit of 414154102?
1
What is the ten millions digit of 11043555?
1
What is the hundred millions digit of 195112653?
1
What is the millions digit of 922430731?
2
What is the billions digit of 2343733109?
2
What is the hundred thousands digit of 7978587928?
5
What is the units digit of 1834038623?
3
What is the millions digit of 3536283793?
6
What is the millions digit of 1541152?
1
What is the hundred thousands digit of 99066896?
0
What is the units digit of 209629043?
3
What is the units digit of 275737536?
6
What is the hundred thousands digit of 373507801?
5
What is the hundred millions digit of 1025352697?
0
What is the billions digit of 3286091403?
3
What is the units digit of 1802652080?
0
What is the millions digit of 4539231290?
9
What is the thousands digit of 2407506046?
6
What is the hundreds digit of 3491596618?
6
What is the billions digit of 1655465849?
1
What is the tens digit of 2084860750?
5
What is the ten thousands digit of 15466570?
6
What is the millions digit of 136670913?
6
What is the millions digit of 76957788?
6
What is the hundred thousands digit of 11281867?
2
What is the hundred thousands digit of 63141059?
1
What is the hundreds digit of 1911201871?
8
What is the thousands digit of 1550583790?
3
What is the ten millions digit of 236241217?
3
What is the hundreds digit of 1153565629?
6
What is the hundred thousands digit of 1833095689?
0
What is the ten millions digit of 6048978394?
4
What is the ten millions digit of 90137813?
9
What is the units digit of 123166273?
3
What is the thousands digit of 1824233209?
3
What is the ten thousands digit of 168341808?
4
What is the tens digit of 257822495?
9
What is the units digit of 854768055?
5
What is the hundred thousands digit of 5548512497?
5
What is the thousands digit of 70065164?
5
What is the thousands digit of 231157839?
7
What is the units digit of 580698937?
7
What is the hundreds digit of 4791480179?
1
What is the thousands digit of 174904852?
4
What is the hundred thousands digit of 1762893069?
8
What is the millions digit of 91446835?
1
What is the hundreds digit of 63880420?
4
What is the millions digit of 41171705?
1
What is the hundred thousands digit of 62204931?
2
What is the hundred millions digit of 3058084874?
0
What is the units digit of 515351553?
3
What is the units digit of 75351600?
0
What is the thousands digit of 909887865?
7
What is the thousands digit of 178836574?
6
What is the ten millions digit of 891202006?
9
What is the ten thousands digit of 155916195?
1
What is the ten millions digit of 2937688083?
3
What is the thousands digit of 23195603?
5
What is the hundreds digit of 6753881443?
4
What is the hundreds digit of 61981923?
9
What is the ten millions digit of 79274497?
7
What is the tens digit of 370669097?
9
What is the hundreds digit of 173605594?
5
What is the thousands digit of 243506477?
6
What is the hundred thousands digit of 52870099?
8
What is the units digit of 369936314?
4
What is the units digit of 614728067?
7
What is the thousands digit of 47577923?
7
What is the thousands digit of 23374036?
4
What is the thousands digit of 1113984443?
4
What is the hundreds digit of 99634?
6
What is the units digit of 23815690?
0
What is the hundred millions digit of 1201097077?
2
What is the hundred millions digit of 5665902121?
6
What is the tens digit of 52846106?
0
What is the hundred thousands digit of 1160392156?
3
What is the hundred thousands digit of 116409985?
4
What is the ten 